rs of 13996.
2, 3499
What are the prime factors of 656?
2, 41
What are the prime factors of 3505?
5, 701
What are the prime factors of 2801?
2801
What are the prime factors of 2752?
2, 43
What are the prime factors of 15697?
11, 1427
List the prime factors of 2582.
2, 1291
What are the prime factors of 77974?
2, 13, 2999
List the prime factors of 5770.
2, 5, 577
What are the prime factors of 96?
2, 3
List the prime factors of 1870.
2, 5, 11, 17
List the prime factors of 23958.
2, 3, 11
List the prime factors of 16612.
2, 4153
List the prime factors of 9853.
59, 167
List the prime factors of 781.
11, 71
List the prime factors of 16482.
2, 3, 41, 67
What are the prime factors of 131?
131
What are the prime factors of 14059?
17, 827
What are the prime factors of 232?
2, 29
List the prime factors of 517.
11, 47
What are the prime factors of 2950?
2, 5, 59
List the prime factors of 20740.
2, 5, 17, 61
List the prime factors of 9021.
3, 31, 97
List the prime factors of 9204.
2, 3, 13, 59
What are the prime factors of 43688?
2, 43, 127
What are the prime factors of 84028?
2, 7, 3001
List the prime factors of 763.
7, 109
List the prime factors of 78320.
2, 5, 11, 89
What are the prime factors of 5461?
43, 127
What are the prime factors of 652?
2, 163
What are the prime factors of 3091?
11, 281
What are the prime factors of 11492?
2, 13, 17
What are the prime factors of 230?
2, 5, 23
List the prime factors of 339.
3, 113
List the prime factors of 5596.
2, 1399
What are the prime factors of 15397?
89, 173
What are the prime factors of 6767?
67, 101
List the prime factors of 73125.
3, 5, 13
List the prime factors of 8214.
2, 3, 37
List the prime factors of 34470.
2, 3, 5, 383
List the prime factors of 4120.
2, 5, 103
List the prime factors of 35227.
35227
What are the prime factors of 119154?
2, 3, 7, 2837
What are the prime factors of 9835?
5, 7, 281
List the prime factors of 65203.
65203
What are the prime factors of 253?
11, 23
What are the prime factors of 1049?
1049
What are the prime factors of 33?
3, 11
List the prime factors of 1755.
3, 5, 13
List the prime factors of 12327.
3, 7, 587
What are the prime factors of 30416?
2, 1901
What are the prime factors of 5120?
2, 5
List the prime factors of 15140.
2, 5, 757
What are the prime factors of 3665?
5, 733
What are the prime factors of 2979?
3, 331
List the prime factors of 3636.
2, 3, 101
What are the prime factors of 10540?
2, 5, 17, 31
List the prime factors of 15672.
2, 3, 653
What are the prime factors of 156574?
2, 11, 647
What are the prime factors of 52310?
2, 5, 5231
What are the prime factors of 69612?
2, 3, 5801
List the prime factors of 84766.
2, 11, 3853
What are the prime factors of 56664?
2, 3, 787
What are the prime factors of 27?
3
What are the prime factors of 83926?
2, 29, 1447
List the prime factors of 2036.
2, 509
List the prime factors of 3972.
2, 3, 331
List the prime factors of 2199.
3, 733
What are the prime factors of 683?
683
List the prime factors of 4561.
4561
What are the prime factors of 5624?
2, 19, 37
What are the prime factors of 46326?
2, 3, 7, 1103
What are the prime factors of 8057?
7, 1151
What are the prime factors of 2265?
3, 5, 151
What are the prime factors of 27997?
27997
List the prime factors of 3466.
2, 1733
List the prime factors of 19152.
2, 3, 7, 19
List the prime factors of 12947.
11, 107
List the prime factors of 53589.
3, 17863
What are the prime factors of 21252?
2, 3, 7, 11, 23
What are the prime factors of 34353?
3, 11, 347
List the prime factors of 54083.
54083
What are the prime factors of 2739?
3, 11, 83
What are the prime factors of 1424?
2, 89
What are the prime factors of 667?
23, 29
List the prime factors of 663.
3, 13, 17
List the prime factors of 16861.
13, 1297
What are the prime factors of 19105?
5, 3821
What are the prime factors of 2437?
2437
List the prime factors of 1528.
2, 191
List the prime factors of 5001.
3, 1667
What are the prime factors of 385?
5, 7, 11
What are the prime factors of 149111?
149111
List the prime factors of 478.
2, 239
List the prime factors of 654.
2, 3, 109
What are the prime factors of 940?
2, 5, 47
List the prime factors of 3647.
7, 521
What are the prime factors of 8844?
2, 3, 11, 67
List the prime factors of 8174.
2, 61, 67
What are the prime factors of 1208?
2, 151
What are the prime factors of 8400?
2, 3, 5, 7
What are the prime factors of 1224?
2, 3, 17
List the prime factors of 5091.
3, 1697
List the prime factors of 23211.
3, 2579
What are the prime factors of 27941?
27941
What are the prime factors of 11842?
2, 31, 191
What are the prime factors of 10516?
2, 11, 239
What are the prime factors of 19998?
2, 3, 11, 101
List the prime factors of 1562.
2, 11, 71
List the prime factors of 59047.
137, 431
What are the prime factors of 383?
383
What are the prime factors of 264?
2, 3, 11
What are the prime factors of 17116?
2, 11, 389
List the prime factors of 2600.
2, 5, 13
What are the prime factors of 59261?
19, 3119
List the prime factors of 25032.
2, 3, 7, 149
What are the prime factors of 131?
131
List the prime factors of 35254.
2, 17627
What are the prime factors of 19577?
19577
List the prime factors of 1957.
19, 103
List the prime factors of 54761.
7, 7823
What are the prime factors of 88?
2, 11
List the prime factors of 36482.
2, 17, 29, 37
What are the prime factors of 1734?
2, 3, 17
List the prime factors of 3986.
2, 1993
What are the prime factors of 711?
3, 79
List the prime factors of 105556.
2, 11, 2399
List the prime factors of 97823.
11, 8893
What are the prime factors of 11291?
7, 1613
What are the prime factors of 5153?
5153
What are the prime factors of 129?
3, 43
List the prime factors of 21448.
2, 7, 383
What are the prime factors of 39?
3, 13
List the prime factors of 845.
5, 13
List the prime factors of 20997.
3, 2333
List the prime factors of 6316.
2, 1579
List the prime factors of 8198.
2, 4099
List the prime factors of 672.
2, 3, 7
What are the prime factors of 9094?
2, 4547
List the prime factors of 71663.
71663
What are the prime factors of 39664?
2, 37, 67
What are the prime factors of 6782?
2, 3391
List the prime factors of 1176.
2, 3, 7
What are the prime factors of 6506?
2, 3253
What are the prime factors of 684?
2, 3, 19
List the prime factors of 3323.
3323
What are the prime factors of 6989?
29, 241
List the prime factors of 136686.
2, 3, 11, 19, 109
List the prime factors of 16803.
3, 1867
What are the prime factors of 6696?
2, 3, 31
List the prime factors of 1000.
2, 5
List the prime factors of 319.
11, 29
What are the prime factors of 867?
3, 17
List the prime factors of 8542.
2, 4271
List the prime factors of 126675.
3, 5, 563
What are the prime factors of 93472?
2, 23, 127
What are the prime factors of 1110?
2, 3, 5, 37
List the prime factors of 179.
179
What are the prime factors of 657?
3, 73
List the prime factors of 7968.
2, 3, 83
List the prime factors of 3210.
2, 3, 5, 107
What are the prime factors of 2594?
2, 1297
List the prime factors of 34338.
2, 3, 59, 97
What are the prime factors of 31227?
3, 7, 1487
What are the prime factors of 411?
3, 137
What are the prime factors of 4275?
3, 5, 19
What are the prime factors of 45139?
45139
List the prime factors of 1191.
3, 397
List the prime factors of 162121.
223, 727
What are the prime factors of 8795?
5, 1759
What are the prime factors of 1061?
1061
What are the prime factors of 44058?
2, 3, 7, 1049
List the prime factors of 12204.
2, 3, 113
List the prime factors of 4240.
2, 5, 53
List the prime factors of 47353.
47353
What are the prime factors of 40935?
3, 5, 2729
List the prime factors of 778.
2, 389
What are the prime factors of 44759?
11, 13, 313
What are the prime factors of 992?
2, 31
What are the prime factors of 72665?
5, 14533
What are the prime factors of 49951?
11, 19, 239
What are the prime factors of 36469?
36469
List the prime factors of 3735.
3, 5, 83
List the prime factors of 4700.
2, 5, 47
List the prime factors of 7461.
3, 829
What are the prime factors of 909?
3, 101
List the prime factors of 4581.
3, 509
What are the prime factors of 10208?
2, 11, 29
List the prime factors of 22888.
2, 2861
What are the prime factors of 17360?
2, 5, 7, 31
List the prime factors of 197.
197
What a